-10)?
4
Suppose 4*d = -3*g - 4, 2*g + 14 = d - g. What is the units digit of d/7 - (-2014)/7?
8
Let o(l) = -6*l**3 - 27*l**2 + 10*l + 6. What is the thousands digit of o(-11)?
4
Suppose 129 + 75 = -4*i. Suppose -30*u - 1643 = 997. Let h = i - u. What is the tens digit of h?
3
Let b = -5062 - -5748. What is the units digit of b?
6
What is the hundreds digit of (253102/(-5))/(-2) - (-4)/(-20)?
3
Suppose b + 3*p = 44, -116 = -3*b + 2*p - 3*p. Let u = 24 - b. Let l = u - -65. What is the tens digit of l?
5
Suppose -u - 3*u = -20. Suppose 4*x = -2*z + 294, -z - u*x = -6*z + 720. Suppose 4*j - z = -f, 2*f = -j - 2*j + 275. What is the units digit of f?
3
What is the tens digit of (-1)/(15976/(-7984) - -2)?
9
Let d(j) = -2*j + 7. Let h be d(1). What is the units digit of h - (8 + 0 - 1328)?
5
Let i = -225 + 666. Suppose 3*o = 2*v - 200, -4*o + 13 = 5*v - i. Let r = 23 + v. What is the tens digit of r?
1
Suppose -5 = -3*t - 11. Let y be (-15)/2 + 1/t. Let x(f) = -f**3 - 6*f**2 - 7*f + 5. What is the units digit of x(y)?
9
Suppose -3*u + 26490 = -5*m, -2*u + 17664 = -0*m - 2*m. What is the hundreds digit of (u/124)/(1 + (-34)/40)?
4
Let o = 11166 - 7519. What is the units digit of o?
7
Suppose -t + 304 = h, 0 = 4*h - 2*t - 468 - 718. Suppose p - 6*p + 3*q + h = 0, 2*q - 4 = 0. What is the units digit of p?
1
Let b = -16 - -7. Suppose 0 = 54*t - 63*t + 63. Let x = t - b. What is the tens digit of x?
1
Let a = 699 - 777. Let w = a + 1210. What is the tens digit of w?
3
Let w be (1 - -1)*4/8. Let j be 0 - (-4 - -5) - (-214 - w). Let s = j - 135. What is the units digit of s?
9
Let j = -230 - -750. Suppose 390 = 3*u + 2*c, -4*u + 0*c = -5*c - j. What is the units digit of u?
0
What is the hundreds digit of (3930 + 2)/(20/15)?
9
Let x be (2541/154)/((-3)/(-68)). Let w = x + 940. What is the tens digit of w?
1
What is the tens digit of (64/(-192))/(1/(-21267))?
8
Let n(i) = 2*i**3 - 29*i**2 - 15*i + 2. Let w be n(15). Let a be 0 - ((-98)/1 - (w - 2)). Let o = 102 - a. What is the units digit of o?
4
Suppose -9*u - 231909 = -32*u. What is the thousands digit of u?
0
Suppose 0 = 17*i - 220042 + 19493. What is the hundreds digit of i?
7
Let a(g) = -8*g + 52. Let j be a(5). What is the tens digit of j/(-16) + ((-3102)/(-8) - -3)?
9
Let i be 329 - -3 - (1 + -1). Suppose -63*l + 67*l - 664 = 0. Let q = i - l. What is the hundreds digit of q?
1
Let p be -3 - (133/(-28) + (-3)/(-4)). What is the tens digit of p/(2/(-6)*(-28)/1204)?
2
Let u be (1/5)/(5/25). Let v be (4 + -6)/(-2) - u. Suppose v = -27*f + 29*f - 248. What is the units digit of f?
4
Let m = -41682 + 60044. What is the ten thousands digit of m?
1
Suppose -9*l + 267 = -2388. Suppose 0 = -4*d + 3*n + 1065, -4*n - n = d - l. Suppose 0 = -3*b + m + 347 + d, -2*b + 418 = -2*m. What is the units digit of b?
4
Let a = 114174 - 60538. What is the thousands digit of a?
3
Let q(p) = p**3 - 35*p**2 - 33*p - 105. Let v be q(36). Suppose -1 = a, -2347 - 1414 = -4*j - v*a. What is the tens digit of j?
4
Suppose 8*h - 5*h = -18. Let y(o) = -o - 2. Let p be y(h). What is the units digit of 25/50 - (-578)/p?
5
Let o be ((-7)/21)/((-1)/558). What is the units digit of (-3 - -5) + -5 + 3 + o?
6
Let x be 628/6 - (-36)/(-54). Let h = 187 - x. Let k = h - -7. What is the units digit of k?
0
Let q be (-2)/4*(9 + -11). Let k(a) = 4*a**2 + a - 1. Let z be k(q). Suppose 392 = 5*t - z*n, 0 = -t + 2*n + 82 - 6. What is the tens digit of t?
8
Let q(p) = -9*p - 1. Let d(a) = a**2 - 18*a + 51. Let f be d(14). What is the tens digit of q(f)?
4
Let h(b) be the second derivative of b**4/2 + 4*b**3/3 - 33*b**2/2 + b - 60. What is the units digit of h(-6)?
5
What is the ten thousands digit of 78/6 - (-3022552)/52?
5
Let c(g) = g**3 + 10*g**2 - 20*g + 174. What is the tens digit of c(28)?
0
Let r = 121 - 439. What is the units digit of -1 + 611 + r/53?
4
Suppose 5*m - 9*m - 3*y = -2138, -1614 = -3*m + 3*y. Let l = 1074 - m. What is the hundreds digit of l?
5
Let y = 20482 + -10781. What is the tens digit of y?
0
Let o be 2*2/(-8)*2. Let r(c) be the second derivative of 41*c**4/12 - c**3/6 - c**2 - c. What is the tens digit of r(o)?
4
Let k(f) = -4*f**3 - 18*f**2 + 54*f + 36. Let z(n) = -n**3 - 6*n**2 + 18*n + 12. Let u(p) = -2*k(p) + 7*z(p). What is the units digit of u(11)?
5
Let i = 4 - -4. Let t be (-4)/i - (-19)/2. Suppose t = -2*r + 35. What is the units digit of r?
3
Let o be (793/91 + -7)/((-4)/(-3766)). Let z = o - 1072. What is the units digit of z?
2
Let n = -500 + 1308. Let t = n - 564. What is the units digit of t?
4
Let v(m) = -m**3 - m**2 - m + 1. Let t(q) = -2*q**3 - 7*q**2 + q - 1. Let s(g) = -t(g) + 3*v(g). Let p be s(3). What is the hundreds digit of p*2*-668*6/(-48)?
1
Suppose 2*u = -5*u + 63. Suppose k = -u - 104. Let z = k + 287. What is the tens digit of z?
7
Let k be 1 + 3 + -5 - -1. Suppose -4*t - 7 = -0*t - f, k = -3*t - 3*f + 6. Let c(o) = -68*o**3 + o**2 + 2*o. What is the tens digit of c(t)?
6
Let v be (3 - 72/16)*(-2)/1. Let c be 29/((-5)/30*v). What is the units digit of (-5)/((-5)/(-3)) - c?
5
Let y(u) = u**3 - 3*u**2 + u + 36. Let t be y(0). Let a = 39 - t. Suppose -2*j - a*b = -265, 5*b = -4*j + 222 + 303. What is the units digit of j?
5
Suppose -1995*x - 39320 = -1999*x. What is the hundreds digit of x?
8
Let j(n) = -n**2 - n + 1. Let b(c) = c**3 - 18*c**2 + 10*c + 17. Let d(v) = b(v) - 5*j(v). Let t = 15 - 3. What is the tens digit of d(t)?
4
What is the units digit of (-606359523)/(-6705) + 2/30?
4
Let v(h) = 4*h**2 + 25*h - 43. Let t be v(11). Suppose -3*r = -229 - t. What is the hundreds digit of r?
3
What is the units digit of 306/187 + 23513/77?
7
Suppose 100*h + 36733 = 108*h - 14875. What is the units digit of h?
1
What is the hundreds digit of (-228)/18*(-8)/((-128)/(-6696))?
3
Let v(h) = -h**3 + 8*h**2 - 9*h + 16. Let g be v(7). Suppose -4*a + m + 44 = 0, -6*m + 2*m - 8 = -g*a. Suppose -3*r + a*r = 441. What is the tens digit of r?
4
Let b = -108 + 8201. What is the thousands digit of b?
8
Let c(z) = 5*z + 0*z - 4 - 115*z**2 + 123*z**2 - z - 2*z**3. What is the units digit of c(-4)?
6
Suppose 2*l + 2*w = 1624, -l + 6*w = 2*w - 802. What is the tens digit of l?
1
Let z(y) = 174*y + 7305. What is the tens digit of z(139)?
9
Let a = -100 - -161. Suppose -4*j - 143 = -u, j + 717 = 4*u + 190. Suppose -u = -3*t + a. What is the units digit of t?
4
What is the ten thousands digit of -13*40/312*329526/(-10)?
5
Let k = -34 - -82. Let q be 4 - (k - 0)*2. Let i = -44 - q. What is the units digit of i?
8
Let t(k) = -k**3 - 6*k**2 + 7*k + 2. Let v be t(-7). Suppose -b + 4 = 2*s, v*b + 0*s - 5*s = -1. What is the units digit of 241/b - (-15)/(-30)?
0
Let h(m) = 626*m + 102. What is the units digit of h(13)?
0
Let f(y) = 25*y**2 + 2*y + 3. Let z(t) = t**2 + 11*t - 9. Let x be z(-12). Let s(g) = -g**3 + 5*g**2 - 8*g + 4. Let k be s(x). What is the tens digit of f(k)?
9
Suppose 71*i + 29*i = -14*i + 3327090. What is the hundreds digit of i?
1
What is the thousands digit of 17939192/1819 + 2/(-17)?
9
Let n be (-6)/8 + 66/88. Let k(f) = f**2 - 2*f + 2. Let z be k(n). Suppose z*s - l = 93 + 89, -4*l = -s + 91. What is the units digit of s?
1
Let z(j) = j**2 - 12*j - 10. Let u be z(13). Let y(x) = -5*x - 2*x - u*x - x + 4. What is the units digit of y(-1)?
5
Let f be (-7 - -6) + 2 + 4 + 0. Suppose a + 4*j - 20 = 0, -a - 30 + f = -5*j. What is the tens digit of (a + -1 - -95) + (-1 - -2)?
9
Suppose -1128 + 197 = -2*c + 5*s, 4*c + s - 1895 = 0. Suppose 5*d = 2*g - 984, 4*g + 4*d - 1495 - c = 0. What is the tens digit of g?
9
Suppose 51474 - 837516 = -3*m - 3*j, 1048060 = 4*m + 2*j. What is the tens digit of ((-2)/9 - m/288)/(-2)?
5
Let r = -58 + 62. Suppose 0 = -3*p - r*m + 3444, -828 = -p - 2*m + 320. What is the thousands digit of p?
1
Let r(v) = -v**3 - 3*v**2 - 3*v - 6. Let p be r(-3). Suppose -4*j - d + 114 = 0, -p*d - 93 = -3*j - 0*d. What is the units digit of j?
9
Let n(w) be the third derivative of w**7/1008 + w**6/80 + 29*w**5/60 + 10*w**2. Let i(m) be the third derivative of n(m). What is the tens digit of i(17)?
9
Let b(o) = 13*o - 16. Suppose -l - 6 = 4*t, 5*l + 12 - 42 = -5*t. Suppose 18 - l = 4*q. What is the units digit of b(q)?
0
Suppose 33*u - 39*u + 96*u = 2500560. What is the tens digit of u?
8